= m + 1. Let d be (-2)/(-9) - 190/45. Let t be y(d). Let w = 3 - t. What is the units digit of w?
6
Let g be (-1)/(15/138)*15. Let m be ((g/3)/(-2))/1. What is the tens digit of m/2 + 1/2?
1
Let k(i) = -i + 2. What is the units digit of k(-5)?
7
Suppose -3*h + 39 = -15. Let w = h - 26. Let o = w + 16. What is the units digit of o?
8
Let p(c) = 4*c - 25. What is the units digit of p(10)?
5
What is the hundreds digit of (-1 - -122) + (-8 + 15 - 5)?
1
What is the units digit of 20/16 - (-211)/4?
4
Let r(t) = 5*t**3 + 4*t**2 - 3*t. Let w be r(2). Suppose 0 = -3*n - 20 + w. What is the units digit of n?
0
Suppose -2*w + 5 = -w. Suppose 5*z = -w*d + 90, -21 = -2*z + 4*d - 3. What is the units digit of z?
5
Let n be 1/(1 - (-2 + 2)). Let y = 16 + n. What is the units digit of y?
7
Let y = 101 - 12. What is the tens digit of y?
8
Let z(j) = 2*j**2 + j + 56. What is the units digit of z(0)?
6
Let v(s) = -s**2 - 4. Let x be v(-7). Let t = -36 - x. What is the tens digit of t?
1
Let h = 4 - 10. Let x be 4/h + (-53)/(-3). Suppose -4*n + 15 = -x. What is the units digit of n?
8
Suppose -5*y + 45 = 5*k - 0*y, k - 24 = -4*y. Let h(f) = -k - f**3 + 7*f**2 + 3 - 4*f**2. What is the units digit of h(2)?
3
Let c(k) = k**3 - 9*k**2 + 9. Let r be c(9). Suppose 2*a - 36 = v + r, -4*v - 26 = -a. What is the tens digit of a?
2
Let z = 157 - -216. What is the hundreds digit of z?
3
Let z = -4 + 6. Suppose z*m - 27 = 7. What is the units digit of m?
7
Let h be (-45)/(-10) + 2/(-4). What is the units digit of (8 - (h - 1))/1?
5
Suppose 0 = -2*l - l + 36. What is the tens digit of l?
1
Suppose -5*g - t = -3, 5*g - 7*t + 9 = -4*t. Suppose -2*y = 2*y, -5*c + 4*y + 30 = g. What is the units digit of c?
6
Let z(h) = h + 3*h + h**2 + 6 - h + h. What is the units digit of z(-5)?
1
Let d(w) = -w**3 - 13*w**2 - 4*w - 14. Suppose -7 = f - 2*a + 6, 5*f = -a - 65. What is the tens digit of d(f)?
3
Let o be (-3 + -10)/(2/6). Let v = o - -57. What is the tens digit of v?
1
Suppose 27 = 5*r - 188. What is the tens digit of r?
4
Let b = -100 + 37. What is the units digit of -3*7/(b/30)?
0
Let m(n) = -n + 7 + 9 - n + 3*n. What is the units digit of m(-12)?
4
What is the hundreds digit of 1/(20/8) - 1768/(-5)?
3
Suppose -11 = -3*c + 1. Suppose -3*s = -n - 15, 2*n + c*s = n + 20. Suppose -2*l + 3*l - 3 = n. What is the units digit of l?
3
Let j be ((-2)/4)/((-6)/36). Suppose 2*v + v - p - 12 = 0, j*v - 18 = -p. What is the units digit of v?
5
Suppose 3*a + 4 = 7. What is the units digit of a?
1
Suppose -c - 7 = -1. Let x = c + 43. What is the units digit of x?
7
Let a = 51 - -18. What is the tens digit of a?
6
Let b(v) = v**3 + 5*v**2 - 6*v - 6. Let g be b(-6). Let n be ((-1 + -113)/1)/1. What is the units digit of 2/g - n/18?
6
Let h(x) = -x**3 + 4*x**2 - 2*x + 3. Let c be h(3). Let f be 0/(-1)*(-3)/c. Suppose f = 2*k + 4*r - 8, k - 2*r = -0*r + 16. What is the units digit of k?
0
What is the tens digit of 278 + (-26)/8 + (-2)/(-8)?
7
Let h = 25 + -19. What is the units digit of h?
6
Let j(l) = -l**2 + 4*l + 1. Let x be j(3). Suppose 0 = u + x*u - 35. Let g = 11 - u. What is the units digit of g?
4
Suppose 0 = -z + 1 + 1. What is the units digit of z?
2
Suppose -18 + 0 = 3*j. Let k = 22 + j. What is the units digit of k?
6
Let o = 7 - -49. What is the units digit of o?
6
Suppose 8 = -3*v + 2*h + 70, 0 = 5*v - h - 101. What is the units digit of v?
0
Let y be (1/(-2))/((-3)/(-18)). Let n be 1 + -1 + 0/y. Let f = 4 - n. What is the units digit of f?
4
Let c(i) = i**3 + 5*i**2 - 4*i - 5. What is the units digit of c(-4)?
7
What is the hundreds digit of 302/1*((-21)/(-6) + -3)?
1
Suppose 3*p - 9 = 6*p. What is the units digit of 3*-2*p/6?
3
Suppose c + c + 3*t + 1 = 0, -2*c - t + 1 = 0. What is the units digit of c?
1
Suppose -3*p + 38 = -4*j, -2*p + 18 = -2*j + 3*j. Let q = p - 6. What is the units digit of q?
4
What is the units digit of 3/12*6 - 210/(-4)?
4
Suppose -24 = -5*h - 4. Suppose -h*t = 7 + 13. Let j = t - -26. What is the units digit of j?
1
Suppose 104 = 5*b - 2*n, 6*b + n = b + 98. Suppose -5*h + 5*d + b = 0, 0*h - d + 6 = h. What is the units digit of h?
5
Suppose -3*g + 2 = -4*g. Let s(j) = 4*j**2 + j + 2. What is the tens digit of s(g)?
1
Let k = 310 - 117. What is the hundreds digit of k?
1
Let m(t) = 2*t - 2. Let o be m(-2). What is the units digit of (-33)/o + 1/2?
6
Suppose 8*h = 5*h + 15. Suppose 18 = h*d - 6*d. What is the units digit of d/99 + (-101)/(-11)?
9
Let z = -42 - -143. What is the units digit of z?
1
Let q = 1 - -1. Suppose 0 = -q*b - 2*b. Let m(g) = -g + 8. What is the units digit of m(b)?
8
Let t = 6 - 5. What is the units digit of (-4)/2*t/(-2)?
1
Let q be 2/(2/20 + 0). Let b = q + -3. What is the units digit of b?
7
Let f = -41 + 48. What is the units digit of f?
7
Let d = 8 - 7. What is the units digit of d?
1
Let d be ((-5)/2)/5*-4. Let l be (d - 1)*1 - 4. What is the units digit of ((-8)/(-6))/((-2)/l)?
2
Suppose -4*q = -q - 12. Let g(x) be the second derivative of -x**5/20 + 5*x**4/12 - 2*x**3/3 + 5*x**2/2 + x. What is the units digit of g(q)?
5
Let q be (2/(-3))/((-3)/9). Suppose -q*d + 24 = d. What is the units digit of d?
8
Let n(t) = -4*t + 1. Let x be n(-1). Suppose 5*b = -x*m + 115, b = 4*b + 3. What is the tens digit of m?
2
Suppose 4*g + 3*d - 148 = 281, g - 112 = 4*d. What is the units digit of g?
8
Let x = -84 - -139. Suppose -p - 10 = -d + 2*p, -x = -3*d + 4*p. What is the tens digit of d?
2
Suppose h - 106 = 4*j, 5*j + 0*j = -4*h + 529. What is the units digit of h?
6
Let b = 2 + -3. What is the units digit of (3/2)/(b/(-2))?
3
Let i(l) = 5*l**3 + 19*l**2 - 7*l - 30. Let j(k) = -2*k**3 - 6*k**2 + 2*k + 10. Let r(m) = 3*i(m) + 8*j(m). What is the units digit of r(8)?
4
What is the hundreds digit of (-1)/(-5) + -2*1394/(-10)?
2
Let o(l) = l + 6. Let y(m) = m**3 + 5*m**2 - 5. Let k be y(-5). Let x be o(k). What is the units digit of 55/5 - (x + 2)?
8
Suppose -6 = 3*b + 3*x, -2*b + x = -3*x + 4. Suppose 3 = 3*f - 6. Let c = f + b. What is the units digit of c?
1
Let d(p) = 5*p + 3. Let a be d(5). Suppose 2*h = -2*h + a. What is the units digit of h?
7
Let h be ((-21)/12)/((-1)/(-8)). Let c = h + 29. What is the units digit of c?
5
What is the units digit of (15/(-45))/(2/(-264))?
4
Suppose 0 = -3*z - 0*z + 270. What is the units digit of z?
0
Let n(a) be the first derivative of -a**3/3 + 3*a**2 + 3*a + 8. Let h = 15 - 10. What is the units digit of n(h)?
8
Let o = -6 - -10. Suppose f = -0*w - w + 6, -5*f + 21 = -o*w. Suppose 4*d - 36 = f*v, -3*v = -v + 8. What is the units digit of d?
4
Let d be (-4)/(-2) + (-1 - -7). What is the tens digit of 236/d - 2/(-4)?
3
What is the tens digit of ((-42)/10)/((-3)/15)?
2
Suppose k - w - 57 = -2*w, 5*w - 20 = 0. What is the tens digit of k?
5
Suppose 2*z + 42 - 162 = 0. What is the tens digit of z?
6
Let m(f) be the third derivative of 11*f**4/24 - f**3/6 + f**2. Let w = -5 + 6. What is the units digit of m(w)?
0
Suppose 4*c + 4 = -0. Let g be ((-3)/(-4))/(c/(-40)). Suppose -2*z - g = -4*z. What is the tens digit of z?
1
Let r(m) = -2*m**3 - 7*m**2 - 6*m - 9. What is the units digit of r(-6)?
7
Let k = 386 - 267. What is the tens digit of k?
1
What is the units digit of 5*28 + 20/(-5)?
6
Let r(v) = 13*v**2 - v + 34 - 34. Let o(a) = a**2 + 6*a - 1. Let i be o(-6). What is the units digit of r(i)?
4
Let y(j) = j**3 + 8*j**2 + 3*j - 3. Let v be y(-7). What is the units digit of (-190)/(-4)*20/v?
8
Let j = -7 - -60. What is the units digit of j?
3
Suppose -3*o + o + 16 = 0. Suppose 0*g = -4*g + o. Suppose -g*i = b - 6, -12 = -5*b + 5*i + 3. What is the units digit of b?
4
Suppose -2*h = -0 + 12. Let m = h - 2. What is the units digit of (10/m)/((-1)/4)?
5
Suppose -6*c + 10 = -c. Suppose 25 - 89 = -c*j. What is the units digit of j?
2
Let f(c) = 2*c**2 + 11*c - 5. What is the tens digit of f(-8)?
3
Let m = 0 - -6. Suppose 5*q = 2*g + 43, -2*q = -m*q - 5*g + 8. What is the units digit of 2/(-7) + 114/q?
6
Suppose 3*h = 6*h - 9. Let f = h + -1. Suppose 0 = -2*i - 3*d, -f*d + 14 = i - 4*d. What is the units digit of i?
6
Suppose -3*t = -2*t - 60. Suppose 4*a = -0*l - 3*l + t, 4*a = 12. What is the tens digit of l?
1
Let v(d) = d**3 - 6*d**2 + 7*d - 6. Let o be v(5). Suppose -u = o - 31. What is the units d